{"id":1100,"date":"2019-10-04T12:11:05","date_gmt":"2019-10-04T03:11:05","guid":{"rendered":"http:\/\/www.mirainomori.shop\/x\/wp\/?page_id=1100"},"modified":"2026-02-03T00:54:39","modified_gmt":"2026-02-02T15:54:39","slug":"japanese","status":"publish","type":"page","link":"https:\/\/duhoc.mirainomorigakuen.com\/?page_id=1100","title":{"rendered":"KHOA TI\u1ebeNG NH\u1eacT"},"content":{"rendered":"\n<p> Khoa ti\u1ebfng Nh\u1eadt l\u00e0 khoa d\u00e0nh cho ng\u01b0\u1eddi n\u01b0\u1edbc ngo\u00e0i c\u00f3 visa du h\u1ecdc Nh\u1eadt B\u1ea3n sau \u0111\u00f3 h\u1ecdc ti\u1ebfp l\u00ean 4 n\u0103m \u0111\u1ea1i h\u1ecdc c\u1ee7a Nh\u1eadt B\u1ea3n. K\u1ef3 nh\u1eadp h\u1ecdc g\u1ed3m c\u00f3 k\u1ef3 th\u00e1ng 1, th\u00e1ng 4, th\u00e1ng 7, th\u00e1ng 10 v\u1edbi th\u1eddi gian h\u1ecdc ti\u1ebfng Nh\u1eadt t\u1eeb 1 n\u0103m 3 th\u00e1ng \u0111\u1ebfn 2 n\u0103m. Nh\u00e0 tr\u01b0\u1eddng c\u0169ng ti\u1ebfp nh\u1eadn c\u1ea3 nh\u1eefng tr\u01b0\u1eddng h\u1ee3p c\u00f3 nguy\u1ec7n v\u1ecdng h\u1ecdc ng\u1eafn h\u1ea1n. Vui l\u00f2ng li\u00ean h\u1ec7 \u0111\u1ec3 bi\u1ebft th\u00eam chi ti\u1ebft.<\/p>\n\n\n<p>T\u1ef7 l\u1ec7 \u0111\u01b0\u1ee3c c\u1ea5p t\u01b0 c\u00e1ch l\u01b0u tr\u00fa cao t\u1eeb c\u1ee5c xu\u1ea5t nh\u1eadp c\u1ea3nh.<\/p>\n<p style=\"text-align: center;\"><a href=\"https:\/\/duhoc.mirainomorigakuen.com\/wp-content\/uploads\/2026\/02\/IMG_1347-scaled.jpg\"><img loading=\"lazy\" decoding=\"async\" class=\"alignnone size-medium wp-image-5097\" src=\"https:\/\/duhoc.mirainomorigakuen.com\/wp-content\/uploads\/2026\/02\/IMG_1347-300x132.jpg\" alt=\"\" width=\"300\" height=\"132\" srcset=\"https:\/\/duhoc.mirainomorigakuen.com\/wp-content\/uploads\/2026\/02\/IMG_1347-300x132.jpg 300w, https:\/\/duhoc.mirainomorigakuen.com\/wp-content\/uploads\/2026\/02\/IMG_1347-1024x450.jpg 1024w, https:\/\/duhoc.mirainomorigakuen.com\/wp-content\/uploads\/2026\/02\/IMG_1347-768x337.jpg 768w, https:\/\/duhoc.mirainomorigakuen.com\/wp-content\/uploads\/2026\/02\/IMG_1347-100x44.jpg 100w, https:\/\/duhoc.mirainomorigakuen.com\/wp-content\/uploads\/2026\/02\/IMG_1347-1536x674.jpg 1536w, https:\/\/duhoc.mirainomorigakuen.com\/wp-content\/uploads\/2026\/02\/IMG_1347-2048x899.jpg 2048w\" sizes=\"auto, (max-width: 300px) 100vw, 300px\" \/><\/a><\/p>\n<p>Tr\u01b0\u1eddng ch\u00fang t\u00f4i lu\u00f4n c\u00f3 t\u1ef7 l\u1ec7 \u0111\u01b0\u1ee3c c\u1ea5p t\u01b0 c\u00e1ch l\u01b0u tr\u00fa c\u1ef1c cao, Nh\u1eefng b\u1ea1n \u0111\u0103ng k\u00fd h\u1ed3 s\u01a1 du h\u1ecdc h\u1ea7u h\u1ebft \u0111\u1ec1u c\u00f3 th\u1ec3 th\u1ef1c hi\u1ec7n \u0111\u01b0\u1ee3c \u01b0\u1edbc m\u01a1 du h\u1ecdc c\u1ee7a m\u00ecnh. V\u1edbi c\u00e1c n\u01b0\u1edbc nh\u01b0 Vi\u1ec7t Nam, Trung Qu\u1ed1c, \u1ea4n \u0110\u1ed9 th\u00ec nh\u1eefng nh\u00e2n vi\u00ean tuy\u1ec3n sinh c\u1ee7a ch\u00fang t\u00f4i s\u1ebd \u0111\u1ebfn t\u1eadn n\u01a1i \u0111\u1ec3 ph\u1ecfng v\u1ea5n v\u00e0 c\u00f9ng l\u00e0m h\u1ed3 s\u01a1 \u0111\u0103ng k\u00fd v\u1edbi c\u00e1c b\u1ea1n. Tr\u01b0\u1eddng h\u1ee3p c\u00e1c n\u01b0\u1edbc kh\u00e1c s\u1ebd ph\u1ecfng v\u1ea5n v\u00e0 l\u00e0m h\u1ed3 s\u01a1 cho \u0111\u1ebfn khi c\u00f3 \u0111\u01b0\u1ee3c t\u01b0 c\u00e1ch l\u01b0u tr\u00fa th\u00f4ng qua Skype ho\u1eb7c c\u00e1c m\u1ea1ng x\u00e3 h\u1ed9i kh\u00e1c. Nh\u1eefng b\u1ea1n c\u00f3 nguy\u1ec7n v\u1ecdng \u0111i du h\u1ecdc h\u00e3y li\u00ean h\u1ec7 ngay v\u1edbi ch\u00fang t\u00f4i.<\/p>\n<p>S\u1ef1 gi\u1ea3ng d\u1ea1y nhi\u1ec7t t\u00ecnh t\u1eeb nh\u1eefng gi\u1ea3ng vi\u00ean \u01b0u t\u00fa<\/p>\n<p><a href=\"https:\/\/duhoc.mirainomorigakuen.com\/wp-content\/uploads\/2026\/02\/IMG_1704-scaled.jpg\"><img loading=\"lazy\" decoding=\"async\" class=\"alignnone size-medium wp-image-5105 aligncenter\" src=\"https:\/\/duhoc.mirainomorigakuen.com\/wp-content\/uploads\/2026\/02\/IMG_1704-300x225.jpg\" alt=\"\" width=\"300\" height=\"225\" srcset=\"https:\/\/duhoc.mirainomorigakuen.com\/wp-content\/uploads\/2026\/02\/IMG_1704-300x225.jpg 300w, https:\/\/duhoc.mirainomorigakuen.com\/wp-content\/uploads\/2026\/02\/IMG_1704-1024x768.jpg 1024w, https:\/\/duhoc.mirainomorigakuen.com\/wp-content\/uploads\/2026\/02\/IMG_1704-768x576.jpg 768w, https:\/\/duhoc.mirainomorigakuen.com\/wp-content\/uploads\/2026\/02\/IMG_1704-100x75.jpg 100w, https:\/\/duhoc.mirainomorigakuen.com\/wp-content\/uploads\/2026\/02\/IMG_1704-1536x1152.jpg 1536w, https:\/\/duhoc.mirainomorigakuen.com\/wp-content\/uploads\/2026\/02\/IMG_1704-2048x1536.jpg 2048w\" sizes=\"auto, (max-width: 300px) 100vw, 300px\" \/><\/a><\/p>\n<p>V\u1edbi \u0111\u1ed9i ng\u0169 gi\u1ea3ng vi\u00ean c\u00f3 kinh ngi\u1ec7m gi\u1ea3ng d\u1ea1y phong ph\u00fa s\u1ebd lu\u00f4n theo s\u00e1t h\u1ecdc sinh trong qu\u00e1 tr\u00ecnh h\u1ecdc t\u1eadp.<\/p>\n<p>Lu\u00f4n quan t\u00e2m ngay c\u1ea3 \u0111\u1eddi s\u1ed1ng sinh ho\u1ea1t c\u1ee7a h\u1ecdc sinh<\/p>\n<p style=\"text-align: center;\"><a href=\"https:\/\/duhoc.mirainomorigakuen.com\/wp-content\/uploads\/2026\/02\/lophoc-scaled.jpg\"><img loading=\"lazy\" decoding=\"async\" class=\"alignnone size-medium wp-image-5106\" src=\"https:\/\/duhoc.mirainomorigakuen.com\/wp-content\/uploads\/2026\/02\/lophoc-300x225.jpg\" alt=\"\" width=\"300\" height=\"225\" srcset=\"https:\/\/duhoc.mirainomorigakuen.com\/wp-content\/uploads\/2026\/02\/lophoc-300x225.jpg 300w, https:\/\/duhoc.mirainomorigakuen.com\/wp-content\/uploads\/2026\/02\/lophoc-1024x768.jpg 1024w, https:\/\/duhoc.mirainomorigakuen.com\/wp-content\/uploads\/2026\/02\/lophoc-768x576.jpg 768w, https:\/\/duhoc.mirainomorigakuen.com\/wp-content\/uploads\/2026\/02\/lophoc-100x75.jpg 100w, https:\/\/duhoc.mirainomorigakuen.com\/wp-content\/uploads\/2026\/02\/lophoc-1536x1152.jpg 1536w, https:\/\/duhoc.mirainomorigakuen.com\/wp-content\/uploads\/2026\/02\/lophoc-2048x1536.jpg 2048w\" sizes=\"auto, (max-width: 300px) 100vw, 300px\" \/><\/a><\/p>\n<p>Khi nh\u1eadp h\u1ecdc s\u1ebd \u0111\u01b0\u1ee3c nh\u00e0 tr\u01b0\u1eddng t\u00ecm nh\u00e0 \u1edf v\u00e0 h\u1ed7 tr\u1ee3 c\u00e1c th\u1ee7 t\u1ee5c h\u00e0nh ch\u00ednh. Trong bu\u1ed5i h\u01b0\u1edbng d\u1eabn \u0111\u1ea7u ti\u00ean, \u0111\u1ec3 h\u1ecdc sinh c\u00f3 \u0111\u01b0\u1ee3c cu\u1ed9c s\u1ed1ng sinh ho\u1ea1t h\u1eb1ng ng\u00e0y an to\u00e0n v\u00e0 tho\u1ea3i m\u00e1i, c\u00e1c h\u1ecdc sinh s\u1ebd \u0111\u01b0\u1ee3c h\u01b0\u1edbng d\u1eabn v\u1ec1 quy \u0111\u1ecbnh ph\u00e2n lo\u1ea1i r\u00e1c, lu\u1eadt an to\u00e0n giao th\u00f4ng \u2026 Trong kho\u1ea3ng th\u1eddi gian h\u1ecdc t\u1eadp t\u1ea1i tr\u01b0\u1eddng cho \u0111\u1ebfn khi t\u1ed1t nghi\u1ec7p n\u1ebfu nh\u01b0 c\u00f3 v\u1ea5n \u0111\u1ec1 kh\u00fac m\u1eafc, ph\u01b0\u01a1ng ch\u00e2m gi\u00e1o d\u1ee5c c\u1ee7a nh\u00e0 tr\u01b0\u1eddng \u0111\u00f3 l\u00e0 v\u1eeba h\u1ed7 tr\u1ee3 h\u1ecdc sinh trong ph\u1ea1m vi c\u00f3 th\u1ec3, v\u1eeba h\u01b0\u1edbng d\u1eabn h\u1ecdc sinh t\u1ef1 m\u00ecnh gi\u1ea3i quy\u1ebft v\u1ea5n \u0111\u1ec1.<\/p>\n<p>M\u00f4i tr\u01b0\u1eddng h\u1ecdc t\u1eadp ti\u1ec7n l\u1ee3i v\u00e0 tho\u1ea3i m\u00e1i<\/p>\n<p>T\u1ea1i tr\u01b0\u1eddng c\u00f3 ph\u00f2ng t\u1ef1 h\u1ecdc v\u00e0 n\u01a1i \u0111\u1ec3 luy\u1ec7n t\u1eadp ph\u1ecfng v\u1ea5n \u0111\u1ec3 ph\u1ee5c v\u1ee5 cho vi\u1ec7c thi l\u00ean \u0111\u1ea1i h\u1ecdc. Tr\u01b0\u1eddng \u1edf ngay g\u1ea7n ga Sendai n\u00ean ti\u1ec7n l\u1ee3i c\u1ea3 v\u1ec1 sinh ho\u1ea1t l\u1eabn c\u00f4ng vi\u1ec7c l\u00e0m th\u00eam.<\/p>\n\n\n<h2 class=\"wp-block-heading\">KH\u00d3A H\u1eccC<\/h2>\n\n\n\n<table class=\"wp-block-table is-style-regular\" style=\"height: 269px; width: 100%; border-color: #23245e;\">\n<tbody>\n<tr style=\"height: 53px;\">\n<td style=\"width: 35.1014%; height: 53px; background-color: #23245e; text-align: center;\"><span style=\"color: #ffffff;\"><strong>KH\u00d3A H\u1eccC<\/strong><\/span><\/td>\n<td style=\"width: 37.1295%; height: 53px; background-color: #23245e; text-align: center;\"><span style=\"color: #ffffff;\"><strong>S\u1ed0 GI\u1edc H\u1eccC<\/strong><\/span><\/td>\n<td style=\"width: 27.6911%; height: 53px; background-color: #23245e; text-align: center;\"><span style=\"color: #ffffff;\">K\u1ef2 NH\u1eacP H\u1eccC<\/span><\/td>\n<\/tr>\n<tr style=\"height: 54px;\">\n<td style=\"height: 54px; width: 35.1014%; text-align: center;\"><strong>KH\u00d3A 2 N\u0102M<\/strong><\/td>\n<td style=\"height: 54px; width: 37.1295%; text-align: center;\">1600 gi\u1edd\uff0880 tu\u1ea7n\uff09<\/td>\n<td style=\"height: 54px; width: 27.6911%; text-align: center;\">th\u00e1ng 4<\/td>\n<\/tr>\n<tr style=\"height: 54px;\">\n<td style=\"height: 54px; width: 35.1014%; text-align: center;\"><b>KH\u00d3A 1 n\u0103m 9 th\u00e1ng<\/b><\/td>\n<td style=\"height: 54px; width: 37.1295%; text-align: center;\">1400 gi\u1edd\uff0870 tu\u1ea7n\uff09<\/td>\n<td style=\"height: 54px; width: 27.6911%; text-align: center;\">th\u00e1ng 7<\/td>\n<\/tr>\n<tr style=\"height: 54px;\">\n<td style=\"height: 54px; width: 35.1014%; text-align: center;\"><b>KH\u00d3A 1 n\u0103m 6 th\u00e1ng<\/b><\/td>\n<td style=\"height: 54px; width: 37.1295%; text-align: center;\">1200 gi\u1edd\uff0860 tu\u1ea7n\uff09<\/td>\n<td style=\"height: 54px; width: 27.6911%; text-align: center;\">th\u00e1ng 10<\/td>\n<\/tr>\n<tr style=\"height: 54px;\">\n<td style=\"height: 54px; width: 35.1014%; text-align: center;\"><b>KH\u00d3A 1 n\u0103m 3 th\u00e1ng<\/b><\/td>\n<td style=\"height: 54px; width: 37.1295%; text-align: center;\">1000 gi\u1edd\uff0850 tu\u1ea7n\uff09<\/td>\n<td style=\"height: 54px; width: 27.6911%; text-align: center;\">th\u00e1ng 1<\/td>\n<\/tr>\n<\/tbody>\n<\/table>\n\n\n\n<p>\u203bV\u1edbi nh\u1eefng tr\u01b0\u1eddng h\u1ee3p kh\u00f3a h\u1ecdc ng\u1eafn h\u1ea1n th\u00ec h\u1ecdc ph\u00ed v\u00e0 th\u1eddi gian s\u1ebd \u0111\u01b0\u1ee3c t\u00ednh kh\u00e1c n\u00ean vui long li\u00ean h\u1ec7 \u0111\u1ec3 bi\u1ebft th\u00eam chi ti\u1ebft.<\/p>\n\n\n\n<h2 class=\"wp-block-heading\">C\u00c1C KHO\u1ea2N CHI PH\u00cd<\/h2>\n\n\n\n<table style=\"border-collapse: collapse; width: 100%; height: 269px;\">\n<tbody>\n<tr style=\"height: 53px;\">\n<td style=\"width: 21.9334%; height: 53px; text-align: center; background-color: #23245e;\"><span style=\"color: #ffffff;\"><strong>KH\u00d3A H\u1eccC<\/strong><\/span><\/td>\n<td style=\"width: 18.3049%; text-align: center; background-color: #23245e; height: 53px;\"><span style=\"color: #ffffff;\">Ph\u00ed ph\u1eadp h\u1ecdc<\/span><\/td>\n<td style=\"width: 17.9148%; text-align: center; background-color: #23245e; height: 53px;\"><span style=\"color: #ffffff;\">H\u1ecdc ph\u00ed<\/span><\/td>\n<td style=\"width: 18.1486%; text-align: center; background-color: #23245e; height: 53px;\"><span style=\"color: #ffffff;\">S\u00e1ch gi\u00e1o khoa<\/span><\/td>\n<td style=\"width: 17.3037%; text-align: center; background-color: #23245e; height: 53px;\"><span style=\"color: #ffffff;\">C\u01a1 s\u1edf v\u1eadt ch\u1ea5t<\/span><\/td>\n<td style=\"width: 8.33335%; text-align: center; background-color: #23245e; height: 53px;\"><span style=\"color: #ffffff;\">T\u1ed5ng<br \/>\uff08y\u00ean\uff09<\/span><\/td>\n<\/tr>\n<tr style=\"height: 54px;\">\n<td style=\"height: 54px; width: 21.9334%; text-align: left;\"><strong>KH\u00d3A 2 n\u0103m<\/strong><\/td>\n<td style=\"width: 18.3049%; text-align: center; height: 54px;\">70,000<\/td>\n<td style=\"width: 17.9148%; text-align: center; height: 54px;\">1,320,000<\/td>\n<td style=\"width: 18.1486%; text-align: center; height: 54px;\">68,000<\/td>\n<td style=\"width: 17.3037%; text-align: center; height: 54px;\">80,000<\/td>\n<td style=\"width: 8.33335%; text-align: center; height: 54px;\">1,538,000<\/td>\n<\/tr>\n<tr style=\"height: 54px;\">\n<td style=\"height: 54px; width: 21.9334%; text-align: left;\"><b>KH\u00d3A 1 n\u0103m 9 th\u00e1ng<\/b><\/td>\n<td style=\"width: 18.3049%; text-align: center; height: 54px;\">70,000<\/td>\n<td style=\"width: 17.9148%; text-align: center; height: 54px;\">1,155,000<\/td>\n<td style=\"width: 18.1486%; text-align: center; height: 54px;\">60,000<\/td>\n<td style=\"width: 17.3037%; text-align: center; height: 54px;\">70,000<\/td>\n<td style=\"width: 8.33335%; text-align: center; height: 54px;\">1,355,000<\/td>\n<\/tr>\n<tr style=\"height: 54px;\">\n<td style=\"height: 54px; width: 21.9334%; text-align: left;\"><b>KH\u00d3A 1 n\u0103m 6 th\u00e1ng<\/b><\/td>\n<td style=\"width: 18.3049%; text-align: center; height: 54px;\">70,000<\/td>\n<td style=\"width: 17.9148%; text-align: center; height: 54px;\">990,000<\/td>\n<td style=\"width: 18.1486%; text-align: center; height: 54px;\">51,000<\/td>\n<td style=\"width: 17.3037%; text-align: center; height: 54px;\">60,000<\/td>\n<td style=\"width: 8.33335%; text-align: center; height: 54px;\">1,171,000<\/td>\n<\/tr>\n<tr style=\"height: 54px;\">\n<td style=\"height: 54px; width: 21.9334%; text-align: left;\"><b>KH\u00d3A 1 n\u0103m 3 th\u00e1ng<\/b><\/td>\n<td style=\"width: 18.3049%; text-align: center; height: 54px;\">70,000<\/td>\n<td style=\"width: 17.9148%; text-align: center; height: 54px;\">825,000<\/td>\n<td style=\"width: 18.1486%; text-align: center; height: 54px;\">43,000<\/td>\n<td style=\"width: 17.3037%; text-align: center; height: 54px;\">50,000<\/td>\n<td style=\"width: 8.33335%; text-align: center; height: 54px;\">988,000<\/td>\n<\/tr>\n<\/tbody>\n<\/table>\n<p>\u00a0<\/p>\n\n\n\n<p>Xem &#8220;<a href=\"https:\/\/duhoc.mirainomorigakuen.com\/?p=2817\">T\u1ea1i \u0111\u00e2y<\/a>&#8221; \u0111\u1ec3 \u01af\u1edaC T\u00cdNH S\u01a0 L\u01af\u1ee2C V\u1ec0 CHI PH\u00cd DU H\u1eccC<\/p>\n","protected":false},"excerpt":{"rendered":"<p>\u65e5\u672c\u8a9e\u79d1\u306f\u6d77\u5916\u5728\u4f4f\u306e\u65b9\u304c\u65e5\u672c\u306e\u7559\u5b66\u30d3\u30b6\u3092\u3068\u3063\u3066\u65e5\u672c\u306e\u56db\u5e74\u5236\u5927\u5b66\u306b\u9032\u5b66\u3059\u308b\u305f\u3081\u306e\u30b3\u30fc\u30b9\u3067\u3059\u3002\u5165\u5b66\u6642\u671f\u306f1\u6708\u30014\u6708\u30017\u6708\u300110\u6708\u30671\u5e743\u304b\u6708\u304b\u30892\u5e74\u9593\u3001\u65e5\u672c\u8a9e\u3092\u5b66\u7fd2\u3057\u307e\u3059\u3002\u77ed\u671f\u3084\u30d7\u30e9\u30a4\u30d9\u30fc\u30c8\u306b\u3064\u3044\u3066\u306f\u968f\u6642\u53d7\u3051\u4ed8\u3051\u3066\u304a\u308a\u307e\u3059\u3002\u304a\u6c17\u8efd\u306b\u3054\u76f8\u8ac7\u304f\u3060\u3055\u3044\u3002<\/p>\n","protected":false},"author":8,"featured_media":5106,"parent":9,"menu_order":0,"comment_status":"closed","ping_status":"closed","template":"","meta":{"sns_share_botton_hide":"","vkExUnit_sns_title":"","_vk_print_noindex":"","sitemap_hide":"","vkExUnit_sitemap":"","_veu_custom_css":"","veu_display_promotion_alert":"common","_exclude_from_list_pages":"","vkexunit_cta_each_option":"","vkExUnit_childPageIndex":"","vkExUnit_pageList_ancestor":"","vkExUnit_contact_enable":"","footnotes":"","vk-ltc-link":"","vk-ltc-target":"0"},"class_list":["post-1100","page","type-page","status-publish","has-post-thumbnail","hentry"],"veu_head_title_object":{"title":"","add_site_title":""},"_links":{"self":[{"href":"https:\/\/duhoc.mirainomorigakuen.com\/index.php?rest_route=\/wp\/v2\/pages\/1100","targetHints":{"allow":["GET"]}}],"collection":[{"href":"https:\/\/duhoc.mirainomorigakuen.com\/index.php?rest_route=\/wp\/v2\/pages"}],"about":[{"href":"https:\/\/duhoc.mirainomorigakuen.com\/index.php?rest_route=\/wp\/v2\/types\/page"}],"author":[{"embeddable":true,"href":"https:\/\/duhoc.mirainomorigakuen.com\/index.php?rest_route=\/wp\/v2\/users\/8"}],"replies":[{"embeddable":true,"href":"https:\/\/duhoc.mirainomorigakuen.com\/index.php?rest_route=%2Fwp%2Fv2%2Fcomments&post=1100"}],"version-history":[{"count":31,"href":"https:\/\/duhoc.mirainomorigakuen.com\/index.php?rest_route=\/wp\/v2\/pages\/1100\/revisions"}],"predecessor-version":[{"id":5114,"href":"https:\/\/duhoc.mirainomorigakuen.com\/index.php?rest_route=\/wp\/v2\/pages\/1100\/revisions\/5114"}],"up":[{"embeddable":true,"href":"https:\/\/duhoc.mirainomorigakuen.com\/index.php?rest_route=\/wp\/v2\/pages\/9"}],"wp:featuredmedia":[{"embeddable":true,"href":"https:\/\/duhoc.mirainomorigakuen.com\/index.php?rest_route=\/wp\/v2\/media\/5106"}],"wp:attachment":[{"href":"https:\/\/duhoc.mirainomorigakuen.com\/index.php?rest_route=%2Fwp%2Fv2%2Fmedia&parent=1100"}],"curies":[{"name":"wp","href":"https:\/\/api.w.org\/{rel}","templated":true}]}}