{"id":1393,"date":"2020-03-23T19:11:44","date_gmt":"2020-03-23T10:11:44","guid":{"rendered":"https:\/\/duhoc.mirainomorigakuen.com\/?page_id=1393"},"modified":"2026-02-03T00:59:30","modified_gmt":"2026-02-02T15:59:30","slug":"entry","status":"publish","type":"page","link":"https:\/\/duhoc.mirainomorigakuen.com\/?page_id=1393","title":{"rendered":"\u0110\u0102NG K\u00dd PH\u1eceNG V\u1ea4N NH\u1eacP H\u1eccC"},"content":{"rendered":"\n<p>Nh\u1eefng em c\u00f3 nguy\u1ec7n v\u1ecdng nh\u1eadp h\u1ecdc v\u00e0o tr\u01b0\u1eddng,h\u00e3y \u0111i\u1ec1n th\u00f4ng tin d\u01b0\u1edbi \u0111\u00e2y,r\u1ed3i g\u1eedi cho nh\u00e0 tr\u01b0\u1eddng, sau khi x\u00e1c nh\u1eadn nh\u00e0 tr\u01b0\u1eddng s\u1ebd li\u00ean h\u1ec7 \u0111\u1ebfn c\u00e1c em. Tr\u01b0\u1eddng h\u1ee3p kho\u1ea3ng th\u1eddi gian l\u00e2u kh\u00f4ng nh\u1eadn \u0111\u01b0\u1ee3c email c\u1ee7a nh\u00e0 tr\u01b0\u1eddng r\u1ea5t c\u00f3 th\u1ec3 \u0111\u1ecba ch\u1ec9 email th\u01b0 \u0111i\u1ec7n t\u1eed c\u1ee7a em hi\u1ec3n th\u1ecb ch\u01b0a \u0111\u00fang,n\u00ean em h\u00e3y ki\u1ec3m tra tr\u01b0\u1edbc khi g\u1eedi \u0111i. <a href=\"https:\/\/duhoc.mirainomorigakuen.com\/?page_id=31\">Nh\u00e0 tr\u01b0\u1eddng ch\u00fang t\u00f4i coi vi\u1ec7c b\u1ea3o v\u1ec7 th\u00f4ng tin c\u00e1 nh\u00e2n l\u00e0 vi\u1ec7c c\u01a1 b\u1ea3n trong ho\u1ea1t \u0111\u1ed9ng c\u1ee7a tr\u01b0\u1eddng, v\u00e0 c\u0169ng l\u00e0 v\u1ea5n \u0111\u1ec1 quan tr\u1ecdng nh\u1ea5t trong vi\u1ec7c v\u1eadn h\u00e0nh tr\u01b0\u1eddng h\u1ecdc.<\/a><\/p>\n\n\n\n<div class=\"wpcf7 no-js\" id=\"wpcf7-f1515-o1\" lang=\"vi\" dir=\"ltr\" data-wpcf7-id=\"1515\">\n<div class=\"screen-reader-response\"><p role=\"status\" aria-live=\"polite\" aria-atomic=\"true\"><\/p> <ul><\/ul><\/div>\n<form action=\"\/index.php?rest_route=%2Fwp%2Fv2%2Fpages%2F1393#wpcf7-f1515-o1\" method=\"post\" class=\"wpcf7-form init\" aria-label=\"Form li\u00ean h\u1ec7\" novalidate=\"novalidate\" data-status=\"init\">\n<fieldset class=\"hidden-fields-container\"><input type=\"hidden\" name=\"_wpcf7\" value=\"1515\" \/><input type=\"hidden\" name=\"_wpcf7_version\" value=\"6.1.5\" \/><input type=\"hidden\" name=\"_wpcf7_locale\" value=\"vi\" \/><input type=\"hidden\" name=\"_wpcf7_unit_tag\" value=\"wpcf7-f1515-o1\" \/><input type=\"hidden\" name=\"_wpcf7_container_post\" value=\"0\" \/><input type=\"hidden\" name=\"_wpcf7_posted_data_hash\" value=\"\" \/><input type=\"hidden\" name=\"_wpcf7_recaptcha_response\" value=\"\" \/>\n<\/fieldset>\n<div class=\"form-mirai-blue\" style=\"max-width: 800px; margin: auto; background: #fff; border: 2px solid #003366; border-radius: 12px; overflow: hidden; font-family: Segoe UI, Arial, sans-serif;\">\n\t<div style=\"background: #003366; color: #ffffff; padding: 30px 15px; text-align: center;\">\n\t\t<h2 style=\"margin: 0; font-size: 24px; text-transform: uppercase; color: #ffffff;\">Phi\u1ebfu \u0110\u0103ng K\u00fd T\u01b0 V\u1ea5n & Nh\u1eadp H\u1ecdc\n\t\t<\/h2>\n\t\t<p style=\"margin: 10px 0 0; color: #ffffff; opacity: 0.9;\">H\u1ecdc vi\u1ec7n Nh\u1eadt ng\u1eef Mirai no Mori - Sendai\n\t\t<\/p>\n\t<\/div>\n\t<div style=\"padding: 30px;\">\n\t\t<h3 style=\"background: #003366; color: #ffffff; padding: 12px; border-radius: 5px; font-size: 18px;\">I. Th\u00f4ng tin c\u00e1 nh\u00e2n\n\t\t<\/h3>\n\t\t<div style=\"margin-bottom: 15px;\">\n\t\t\t<p><label><b>1. H\u1ecd v\u00e0 t\u00ean c\u1ee7a em <span style=\"color:red;\">(*)<\/span><\/b><\/label>\n\t\t\t<\/p>\n\t\t\t<p><span class=\"wpcf7-form-control-wrap\" data-name=\"your-name\"><input size=\"40\" maxlength=\"400\" class=\"wpcf7-form-control wpcf7-text wpcf7-validates-as-required form-control\" aria-required=\"true\" aria-invalid=\"false\" placeholder=\"V\u00ed d\u1ee5: Nguy\u1ec5n V\u0103n A\" value=\"\" type=\"text\" name=\"your-name\" \/><\/span>\n\t\t\t<\/p>\n\t\t<\/div>\n\t\t<div style=\"margin-bottom: 15px;\">\n\t\t\t<p><label><b>2. S\u1ed1 \u0111i\u1ec7n tho\u1ea1i (Zalo) <span style=\"color:red;\">(*)<\/span><\/b><\/label>\n\t\t\t<\/p>\n\t\t\t<p><span class=\"wpcf7-form-control-wrap\" data-name=\"tel-278\"><input size=\"40\" maxlength=\"400\" class=\"wpcf7-form-control wpcf7-tel wpcf7-validates-as-required wpcf7-text wpcf7-validates-as-tel form-control\" aria-required=\"true\" aria-invalid=\"false\" placeholder=\"Nh\u1eadp s\u1ed1 \u0111i\u1ec7n tho\u1ea1i \u0111\u1ec3 nh\u00e0 tr\u01b0\u1eddng li\u00ean h\u1ec7\" value=\"\" type=\"tel\" name=\"tel-278\" \/><\/span>\n\t\t\t<\/p>\n\t\t<\/div>\n\t\t<div style=\"margin-bottom: 15px;\">\n\t\t\t<p><label><b>3. Email <span style=\"color:red;\">(*)<\/span><\/b><\/label>\n\t\t\t<\/p>\n\t\t\t<p><span class=\"wpcf7-form-control-wrap\" data-name=\"Email\"><input size=\"40\" maxlength=\"400\" class=\"wpcf7-form-control wpcf7-email wpcf7-validates-as-required wpcf7-text wpcf7-validates-as-email form-control\" aria-required=\"true\" aria-invalid=\"false\" placeholder=\"\u0110\u1ec3 nh\u1eadn s\u1ed1 phi\u1ebfu \u0111\u0103ng k\u00fd\" value=\"\" type=\"email\" name=\"Email\" \/><\/span>\n\t\t\t<\/p>\n\t\t<\/div>\n\t\t<div style=\"margin-bottom: 15px;\">\n\t\t\t<p><label><b>4. Ng\u00e0y th\u00e1ng n\u0103m sinh <span style=\"color:red;\">(*)<\/span><\/b><\/label>\n\t\t\t<\/p>\n\t\t\t<p><span class=\"wpcf7-form-control-wrap\" data-name=\"date_of_birth\"><input class=\"wpcf7-form-control wpcf7-date wpcf7-validates-as-required wpcf7-validates-as-date form-control\" aria-required=\"true\" aria-invalid=\"false\" value=\"\" type=\"date\" name=\"date_of_birth\" \/><\/span>\n\t\t\t<\/p>\n\t\t<\/div>\n\t\t<div style=\"margin-bottom: 15px;\">\n\t\t\t<p><label><b>5. Gi\u1edbi t\u00ednh <span style=\"color:red;\">(*)<\/span><\/b><\/label>\n\t\t\t<\/p>\n\t\t\t<p><span class=\"wpcf7-form-control-wrap\" data-name=\"gender-597\"><span class=\"wpcf7-form-control wpcf7-radio\"><span class=\"wpcf7-list-item first\"><label><input type=\"radio\" name=\"gender-597\" value=\"NAM\" checked=\"checked\" \/><span class=\"wpcf7-list-item-label\">NAM<\/span><\/label><\/span><span class=\"wpcf7-list-item last\"><label><input type=\"radio\" name=\"gender-597\" value=\"N\u1eee\" \/><span class=\"wpcf7-list-item-label\">N\u1eee<\/span><\/label><\/span><\/span><\/span>\n\t\t\t<\/p>\n\t\t<\/div>\n\t\t<div style=\"margin-bottom: 25px;\">\n\t\t\t<p><label><b>6. T\u00ecnh tr\u1ea1ng h\u00f4n nh\u00e2n <span style=\"color:red;\">(*)<\/span><\/b><\/label>\n\t\t\t<\/p>\n\t\t\t<p><span class=\"wpcf7-form-control-wrap\" data-name=\"Marital_Status\"><span class=\"wpcf7-form-control wpcf7-radio\"><span class=\"wpcf7-list-item first\"><label><input type=\"radio\" name=\"Marital_Status\" value=\"\u0110\u1ed9c th\u00e2n\" checked=\"checked\" \/><span class=\"wpcf7-list-item-label\">\u0110\u1ed9c th\u00e2n<\/span><\/label><\/span><span class=\"wpcf7-list-item last\"><label><input type=\"radio\" name=\"Marital_Status\" value=\"\u0110\u00e3 k\u1ebft h\u00f4n\" \/><span class=\"wpcf7-list-item-label\">\u0110\u00e3 k\u1ebft h\u00f4n<\/span><\/label><\/span><\/span><\/span>\n\t\t\t<\/p>\n\t\t<\/div>\n\t\t<h3 style=\"background: #003366; color: #ffffff; padding: 12px; border-radius: 5px; font-size: 18px;\">II. H\u1ecdc v\u1ea5n & Ti\u1ebfng Nh\u1eadt\n\t\t<\/h3>\n\t\t<div style=\"margin-bottom: 15px;\">\n\t\t\t<p><label><b>7. H\u1ec7 t\u1ed1t nghi\u1ec7p cu\u1ed1i c\u00f9ng c\u1ee7a em l\u00e0 g\u00ec? <span style=\"color:red;\">(*)<\/span><\/b><\/label>\n\t\t\t<\/p>\n\t\t\t<p><span class=\"wpcf7-form-control-wrap\" data-name=\"checkbox-501\"><span class=\"wpcf7-form-control wpcf7-radio\"><span class=\"wpcf7-list-item first\"><label><input type=\"radio\" name=\"checkbox-501\" value=\"THPT\" \/><span class=\"wpcf7-list-item-label\">THPT<\/span><\/label><\/span><span class=\"wpcf7-list-item\"><label><input type=\"radio\" name=\"checkbox-501\" value=\"TRUNG C\u1ea4P\" \/><span class=\"wpcf7-list-item-label\">TRUNG C\u1ea4P<\/span><\/label><\/span><span class=\"wpcf7-list-item\"><label><input type=\"radio\" name=\"checkbox-501\" value=\"CAO \u0110\u1eb2NG\" \/><span class=\"wpcf7-list-item-label\">CAO \u0110\u1eb2NG<\/span><\/label><\/span><span class=\"wpcf7-list-item last\"><label><input type=\"radio\" name=\"checkbox-501\" value=\"\u0110\u1ea0I H\u1eccC\" \/><span class=\"wpcf7-list-item-label\">\u0110\u1ea0I H\u1eccC<\/span><\/label><\/span><\/span><\/span>\n\t\t\t<\/p>\n\t\t<\/div>\n\t\t<div style=\"margin-bottom: 15px;\">\n\t\t\t<p><label><b>8. Em mu\u1ed1n \u0111i du h\u1ecdc Nh\u1eadt B\u1ea3n v\u00e0o k\u1ef3 n\u00e0o? <span style=\"color:red;\">(*)<\/span><\/b><\/label>\n\t\t\t<\/p>\n\t\t\t<p><span class=\"wpcf7-form-control-wrap\" data-name=\"when\"><span class=\"wpcf7-form-control wpcf7-radio\"><span class=\"wpcf7-list-item first\"><label><input type=\"radio\" name=\"when\" value=\"K\u1ef3 th\u00e1ng 1\" \/><span class=\"wpcf7-list-item-label\">K\u1ef3 th\u00e1ng 1<\/span><\/label><\/span><span class=\"wpcf7-list-item\"><label><input type=\"radio\" name=\"when\" value=\"K\u1ef3 th\u00e1ng 4\" \/><span class=\"wpcf7-list-item-label\">K\u1ef3 th\u00e1ng 4<\/span><\/label><\/span><span class=\"wpcf7-list-item\"><label><input type=\"radio\" name=\"when\" value=\"K\u1ef3 th\u00e1ng 7\" \/><span class=\"wpcf7-list-item-label\">K\u1ef3 th\u00e1ng 7<\/span><\/label><\/span><span class=\"wpcf7-list-item\"><label><input type=\"radio\" name=\"when\" value=\"K\u1ef3 th\u00e1ng 10\" \/><span class=\"wpcf7-list-item-label\">K\u1ef3 th\u00e1ng 10<\/span><\/label><\/span><span class=\"wpcf7-list-item last\"><label><input type=\"radio\" name=\"when\" value=\"K\u1ef3 th\u00e1ng 4 (H\u1ecdc kh\u00f3a 1 n\u0103m, \u0110\u00e3 \u0111\u1eadu N2\/N1)\" \/><span class=\"wpcf7-list-item-label\">K\u1ef3 th\u00e1ng 4 (H\u1ecdc kh\u00f3a 1 n\u0103m, \u0110\u00e3 \u0111\u1eadu N2\/N1)<\/span><\/label><\/span><\/span><\/span>\n\t\t\t<\/p>\n\t\t<\/div>\n\t\t<div style=\"margin-bottom: 25px;\">\n\t\t\t<p><label><b>9. Em \u0111\u00e3 c\u00f3 ch\u1ee9ng ch\u1ec9 ti\u1ebfng Nh\u1eadt n\u00e0o ch\u01b0a? <span style=\"color:red;\">(*)<\/span><\/b><\/label>\n\t\t\t<\/p>\n\t\t\t<p><span class=\"wpcf7-form-control-wrap\" data-name=\"menu-733\"><select class=\"wpcf7-form-control wpcf7-select wpcf7-validates-as-required\" aria-required=\"true\" aria-invalid=\"false\" name=\"menu-733\"><option value=\"Ch\u01b0a c\u00f3\">Ch\u01b0a c\u00f3<\/option><option value=\"JLPT N5\">JLPT N5<\/option><option value=\"JLPT N4\">JLPT N4<\/option><option value=\"JLPT N3\">JLPT N3<\/option><option value=\"JLPT N2\">JLPT N2<\/option><option value=\"JLPT N1\">JLPT N1<\/option><option value=\"NAT - TEST 5\u7d1a\">NAT - TEST 5\u7d1a<\/option><option value=\"NAT - TEST 4\u7d1a\">NAT - TEST 4\u7d1a<\/option><option value=\"NAT - TEST 3\u7d1a\">NAT - TEST 3\u7d1a<\/option><option value=\"NAT - TEST 2\u7d1a\">NAT - TEST 2\u7d1a<\/option><option value=\"NAT - TEST 1\u7d1a\">NAT - TEST 1\u7d1a<\/option><option value=\"TOP-J \u521d\u7d1a A\">TOP-J \u521d\u7d1a A<\/option><option value=\"TOP-J \u521d\u7d1a B\">TOP-J \u521d\u7d1a B<\/option><option value=\"TOP-J \u521d\u7d1a C\">TOP-J \u521d\u7d1a C<\/option><option value=\"J-TEST\">J-TEST<\/option><option value=\"GNK\">GNK<\/option><option value=\"KH\u00c1C\">KH\u00c1C<\/option><\/select><\/span>\n\t\t\t<\/p>\n\t\t<\/div>\n\t\t<h3 style=\"background: #003366; color: #ffffff; padding: 12px; border-radius: 5px; font-size: 18px;\">III. Kinh nghi\u1ec7m & L\u1ecbch s\u1eed Nh\u1eadt B\u1ea3n\n\t\t<\/h3>\n\t\t<div style=\"margin-bottom: 15px;\">\n\t\t\t<p><label><b>10. Em thu\u1ed9c tr\u01b0\u1eddng h\u1ee3p n\u00e0o d\u01b0\u1edbi \u0111\u00e2y? <span style=\"color:red;\">(*)<\/span><\/b><\/label>\n\t\t\t<\/p>\n\t\t\t<p><span class=\"wpcf7-form-control-wrap\" data-name=\"checkbox-504\"><span class=\"wpcf7-form-control wpcf7-checkbox wpcf7-validates-as-required\"><span class=\"wpcf7-list-item first\"><label><input type=\"checkbox\" name=\"checkbox-504[]\" value=\"Th\u1ef1c t\u1eadp sinh\" \/><span class=\"wpcf7-list-item-label\">Th\u1ef1c t\u1eadp sinh<\/span><\/label><\/span><span class=\"wpcf7-list-item\"><label><input type=\"checkbox\" name=\"checkbox-504[]\" value=\"Th\u1ef1c t\u1eadp sinh v\u1ec1 gi\u1eefa ch\u1eebng\" \/><span class=\"wpcf7-list-item-label\">Th\u1ef1c t\u1eadp sinh v\u1ec1 gi\u1eefa ch\u1eebng<\/span><\/label><\/span><span class=\"wpcf7-list-item\"><label><input type=\"checkbox\" name=\"checkbox-504[]\" value=\"Th\u1ef1c t\u1eadp sinh \u0111ang ch\u1edd v\u1ec1 n\u01b0\u1edbc\" \/><span class=\"wpcf7-list-item-label\">Th\u1ef1c t\u1eadp sinh \u0111ang ch\u1edd v\u1ec1 n\u01b0\u1edbc<\/span><\/label><\/span><span class=\"wpcf7-list-item\"><label><input type=\"checkbox\" name=\"checkbox-504[]\" value=\"Tokuitei Gino\" \/><span class=\"wpcf7-list-item-label\">Tokuitei Gino<\/span><\/label><\/span><span class=\"wpcf7-list-item\"><label><input type=\"checkbox\" name=\"checkbox-504[]\" value=\"Tr\u01b0\u1ee3t COE du h\u1ecdc\" \/><span class=\"wpcf7-list-item-label\">Tr\u01b0\u1ee3t COE du h\u1ecdc<\/span><\/label><\/span><span class=\"wpcf7-list-item\"><label><input type=\"checkbox\" name=\"checkbox-504[]\" value=\"Tr\u01b0\u1ee3t COE k\u0129 s\u01b0\" \/><span class=\"wpcf7-list-item-label\">Tr\u01b0\u1ee3t COE k\u0129 s\u01b0<\/span><\/label><\/span><span class=\"wpcf7-list-item\"><label><input type=\"checkbox\" name=\"checkbox-504[]\" value=\"Du h\u1ecdc v\u1ec1 gi\u1eefa ch\u1eebng\" \/><span class=\"wpcf7-list-item-label\">Du h\u1ecdc v\u1ec1 gi\u1eefa ch\u1eebng<\/span><\/label><\/span><span class=\"wpcf7-list-item last\"><label><input type=\"checkbox\" name=\"checkbox-504[]\" value=\"C\u01b0 tr\u00fa b\u1ea5t h\u1ee3p ph\u00e1p\" \/><span class=\"wpcf7-list-item-label\">C\u01b0 tr\u00fa b\u1ea5t h\u1ee3p ph\u00e1p<\/span><\/label><\/span><\/span><\/span>\n\t\t\t<\/p>\n\t\t\t<div style=\"margin-top:5px;\">\n\t\t\t\t<p><span class=\"wpcf7-form-control-wrap\" data-name=\"checkbox-318\"><span class=\"wpcf7-form-control wpcf7-checkbox\"><span class=\"wpcf7-list-item first last\"><label><input type=\"checkbox\" name=\"checkbox-318[]\" value=\"Kh\u00e1c:\" \/><span class=\"wpcf7-list-item-label\">Kh\u00e1c:<\/span><\/label><\/span><\/span><\/span><span class=\"wpcf7-form-control-wrap\" data-name=\"text-899\"><input size=\"40\" maxlength=\"400\" class=\"wpcf7-form-control wpcf7-text\" aria-invalid=\"false\" placeholder=\"Ghi r\u00f5 tr\u01b0\u1eddng h\u1ee3p kh\u00e1c...\" value=\"\" type=\"text\" name=\"text-899\" \/><\/span>\n\t\t\t\t<\/p>\n\t\t\t<\/div>\n\t\t<\/div>\n\t\t<div style=\"margin-bottom: 15px;\">\n\t\t\t<p><label><b>11. Chi ti\u1ebft \u0111\u0103ng k\u00fd c\u0169 (N\u1ebfu c\u00f3):<\/b><\/label>\n\t\t\t<\/p>\n\t\t\t<p><span class=\"wpcf7-form-control-wrap\" data-name=\"gakkoumei\"><textarea cols=\"40\" rows=\"10\" maxlength=\"2000\" class=\"wpcf7-form-control wpcf7-textarea form-control\" aria-invalid=\"false\" placeholder=\"T\u00ean tr\u01b0\u1eddng, k\u1ef3 \u0111\u0103ng k\u00fd, l\u00fd do tr\u01b0\u1ee3t ho\u1eb7c C\u00f4ng ty\/Nghi\u1ec7p \u0111o\u00e0n n\u1ebfu l\u00e0 TTS\" name=\"gakkoumei\"><\/textarea><\/span>\n\t\t\t<\/p>\n\t\t<\/div>\n\t\t<div style=\"margin-bottom: 15px;\">\n\t\t\t<p><label><b>12. Em \u0111\u00e3 t\u1eebng \u0111\u1ebfn Nh\u1eadt B\u1ea3n ch\u01b0a? <span style=\"color:red;\">(*)<\/span><\/b><\/label>\n\t\t\t<\/p>\n\t\t\t<p><span class=\"wpcf7-form-control-wrap\" data-name=\"menu-501\"><select class=\"wpcf7-form-control wpcf7-select wpcf7-validates-as-required\" aria-required=\"true\" aria-invalid=\"false\" name=\"menu-501\"><option value=\"Ch\u01b0a\">Ch\u01b0a<\/option><option value=\"Th\u1ef1c t\u1eadp sinh\">Th\u1ef1c t\u1eadp sinh<\/option><option value=\"Du H\u1ecdc\">Du H\u1ecdc<\/option><option value=\"K\u0129 s\u01b0\">K\u0129 s\u01b0<\/option><option value=\"Du l\u1ecbch\">Du l\u1ecbch<\/option><option value=\"Th\u0103m th\u00e2n\">Th\u0103m th\u00e2n<\/option><\/select><\/span>\n\t\t\t<\/p>\n\t\t\t<div style=\"margin-top:5px;\">\n\t\t\t\t<p><span class=\"wpcf7-form-control-wrap\" data-name=\"checkbox-739\"><span class=\"wpcf7-form-control wpcf7-checkbox\"><span class=\"wpcf7-list-item first last\"><label><input type=\"checkbox\" name=\"checkbox-739[]\" value=\"Kh\u00e1c:\" \/><span class=\"wpcf7-list-item-label\">Kh\u00e1c:<\/span><\/label><\/span><\/span><\/span><span class=\"wpcf7-form-control-wrap\" data-name=\"text-550\"><input size=\"40\" maxlength=\"400\" class=\"wpcf7-form-control wpcf7-text\" aria-invalid=\"false\" placeholder=\"Ghi lo\u1ea1i Visa...\" value=\"\" type=\"text\" name=\"text-550\" \/><\/span>\n\t\t\t\t<\/p>\n\t\t\t<\/div>\n\t\t<\/div>\n\t\t<div style=\"margin-bottom: 25px;\">\n\t\t\t<p><label><b>13. Hi\u1ec7n t\u1ea1i em \u0111ang l\u00e0m c\u00f4ng vi\u1ec7c g\u00ec? <span style=\"color:red;\">(*)<\/span><\/b><\/label>\n\t\t\t<\/p>\n\t\t\t<p><span class=\"wpcf7-form-control-wrap\" data-name=\"work\"><input size=\"40\" maxlength=\"400\" class=\"wpcf7-form-control wpcf7-text wpcf7-validates-as-required form-control\" aria-required=\"true\" aria-invalid=\"false\" placeholder=\"V\u00ed d\u1ee5: Sinh vi\u00ean, C\u00f4ng nh\u00e2n, NV v\u0103n ph\u00f2ng...\" value=\"\" type=\"text\" name=\"work\" \/><\/span>\n\t\t\t<\/p>\n\t\t<\/div>\n\t\t<h3 style=\"background: #003366; color: #ffffff; padding: 12px; border-radius: 5px; font-size: 18px;\">IV. T\u00e0i ch\u00ednh & K\u1ebf ho\u1ea1ch\n\t\t<\/h3>\n\t\t<div style=\"margin-bottom: 15px;\">\n\t\t\t<p><label><b>14. D\u1ef1 t\u00ednh s\u1ed1 ti\u1ec1n gia \u0111\u00ecnh s\u1eed d\u1ee5ng cho vi\u1ec7c du h\u1ecdc? <span style=\"color:red;\">(*)<\/span><\/b><\/label>\n\t\t\t<\/p>\n\t\t\t<p><span class=\"wpcf7-form-control-wrap\" data-name=\"yosan\"><textarea cols=\"40\" rows=\"10\" maxlength=\"2000\" class=\"wpcf7-form-control wpcf7-textarea wpcf7-validates-as-required form-control\" aria-required=\"true\" aria-invalid=\"false\" placeholder=\"V\u00ed d\u1ee5: Kho\u1ea3ng 400 tri\u1ec7u \u0111\u1ed3ng tr\u1edf l\u00ean...\" name=\"yosan\"><\/textarea><\/span>\n\t\t\t<\/p>\n\t\t<\/div>\n\t\t<div style=\"margin-bottom: 15px;\">\n\t\t\t<p><label><b>15. Ai l\u00e0 ng\u01b0\u1eddi chi tr\u1ea3 h\u1ecdc ph\u00ed? M\u1ed1i quan h\u1ec7 v\u1edbi em? <span style=\"color:red;\">(*)<\/span><\/b><\/label>\n\t\t\t<\/p>\n\t\t\t<p><span class=\"wpcf7-form-control-wrap\" data-name=\"keihishiben\"><textarea cols=\"40\" rows=\"10\" maxlength=\"2000\" class=\"wpcf7-form-control wpcf7-textarea wpcf7-validates-as-required form-control\" aria-required=\"true\" aria-invalid=\"false\" placeholder=\"V\u00ed d\u1ee5: B\u1ed1 m\u1eb9 chi tr\u1ea3, l\u00e0m kinh doanh...\" name=\"keihishiben\"><\/textarea><\/span>\n\t\t\t<\/p>\n\t\t<\/div>\n\t\t<div style=\"margin-bottom: 25px;\">\n\t\t\t<p><label><b>16. Nguy\u1ec7n v\u1ecdng c\u1ee7a em sau khi t\u1ed1t nghi\u1ec7p t\u1ea1i tr\u01b0\u1eddng? <span style=\"color:red;\">(*)<\/span><\/b><\/label>\n\t\t\t<\/p>\n\t\t\t<p><span class=\"wpcf7-form-control-wrap\" data-name=\"syuuryougo\"><textarea cols=\"40\" rows=\"10\" maxlength=\"2000\" class=\"wpcf7-form-control wpcf7-textarea wpcf7-validates-as-required form-control\" aria-required=\"true\" aria-invalid=\"false\" placeholder=\"V\u00ed d\u1ee5: H\u1ecdc l\u00ean \u0110\u1ea1i h\u1ecdc, ng\u00e0nh...\" name=\"syuuryougo\"><\/textarea><\/span>\n\t\t\t<\/p>\n\t\t<\/div>\n\t\t<h3 style=\"background: #003366; color: #ffffff; padding: 12px; border-radius: 5px; font-size: 18px;\">V. Th\u00f4ng tin b\u1ed5 sung & L\u1ecbch h\u1eb9n\n\t\t<\/h3>\n\t\t<div style=\"margin-bottom: 15px;\">\n\t\t\t<p><label><b>17. Gia \u0111\u00ecnh c\u00f3 ng\u01b0\u1eddi th\u00e2n \u1edf Nh\u1eadt kh\u00f4ng? Em bi\u1ebft tr\u01b0\u1eddng qua \u0111\u00e2u? <span style=\"color:red;\">(*)<\/span><\/b><\/label>\n\t\t\t<\/p>\n\t\t\t<p><span class=\"wpcf7-form-control-wrap\" data-name=\"textarea-862\"><textarea cols=\"40\" rows=\"10\" maxlength=\"2000\" class=\"wpcf7-form-control wpcf7-textarea wpcf7-validates-as-required form-control\" aria-required=\"true\" aria-invalid=\"false\" placeholder=\"Tr\u1ea3 l\u1eddi t\u1ea1i \u0111\u00e2y...\" name=\"textarea-862\"><\/textarea><\/span>\n\t\t\t<\/p>\n\t\t\t<div style=\"margin-top:10px;\">\n\t\t\t\t<p><span class=\"wpcf7-form-control-wrap\" data-name=\"checkbox-513\"><span class=\"wpcf7-form-control wpcf7-checkbox wpcf7-validates-as-required\"><span class=\"wpcf7-list-item first\"><label><input type=\"checkbox\" name=\"checkbox-513[]\" value=\"Bi\u1ebft qua Internet\" \/><span class=\"wpcf7-list-item-label\">Bi\u1ebft qua Internet<\/span><\/label><\/span><span class=\"wpcf7-list-item last\"><label><input type=\"checkbox\" name=\"checkbox-513[]\" value=\"Bi\u1ebft qua h\u1ecdc sinh c\u1ee7a tr\u01b0\u1eddng (Ghi t\u00ean h\u1ecdc sinh b\u00ean d\u01b0\u1edbi)\" \/><span class=\"wpcf7-list-item-label\">Bi\u1ebft qua h\u1ecdc sinh c\u1ee7a tr\u01b0\u1eddng (Ghi t\u00ean h\u1ecdc sinh b\u00ean d\u01b0\u1edbi)<\/span><\/label><\/span><\/span><\/span><br \/>\n<span class=\"wpcf7-form-control-wrap\" data-name=\"text-602\"><input size=\"40\" maxlength=\"400\" class=\"wpcf7-form-control wpcf7-text\" aria-invalid=\"false\" placeholder=\"T\u00ean h\u1ecdc sinh gi\u1edbi thi\u1ec7u (n\u1ebfu c\u00f3)\" value=\"\" type=\"text\" name=\"text-602\" \/><\/span>\n\t\t\t\t<\/p>\n\t\t\t<\/div>\n\t\t<\/div>\n\t\t<div style=\"margin-bottom: 25px;\">\n\t\t\t<p><label><b>18. Th\u1eddi gian ph\u1ecfng v\u1ea5n & Link Facebook <span style=\"color:red;\">(*)<\/span><\/b><\/label>\n\t\t\t<\/p>\n\t\t\t<p><span class=\"wpcf7-form-control-wrap\" data-name=\"textarea-396\"><textarea cols=\"40\" rows=\"10\" maxlength=\"2000\" class=\"wpcf7-form-control wpcf7-textarea wpcf7-validates-as-required form-control\" aria-required=\"true\" aria-invalid=\"false\" placeholder=\"Ghi ng\u00e0y em r\u1ea3nh, t\u00ean nh\u00e2n vi\u00ean \u0111\u00e3 t\u01b0 v\u1ea5n v\u00e0 Link Facebook c\u00e1 nh\u00e2n\" name=\"textarea-396\"><\/textarea><\/span>\n\t\t\t<\/p>\n\t\t<\/div>\n\t\t<div style=\"background: #f0f7ff; padding: 20px; border: 1px solid #003366; border-radius: 8px; margin-bottom: 25px;\">\n\t\t\t<p style=\"font-size: 14px; color: #333; margin-bottom: 10px;\"><br \/>\nTrang n\u00e0y kh\u00f4ng hi\u1ec3n th\u1ecb m\u00e0n h\u00ecnh x\u00e1c nh\u1eadn. Ngay sau khi b\u1ea5m G\u1eedi, h\u1ec7 th\u1ed1ng s\u1ebd g\u1eedi Mail th\u00f4ng b\u00e1o S\u1ed1 phi\u1ebfu \u0111\u0103ng k\u00fd cho em. Em \u0111\u1ed3ng \u00fd g\u1eedi th\u00f4ng tin ch\u1ee9?\n\t\t\t<\/p>\n\t\t\t<p><span class=\"wpcf7-form-control-wrap\" data-name=\"kakunin\"><span class=\"wpcf7-form-control wpcf7-checkbox wpcf7-validates-as-required\"><span class=\"wpcf7-list-item first last\"><label><input type=\"checkbox\" name=\"kakunin[]\" value=\"\u0110\u1ed2NG \u00dd\" \/><span class=\"wpcf7-list-item-label\">\u0110\u1ed2NG \u00dd<\/span><\/label><\/span><\/span><\/span>\n\t\t\t<\/p>\n\t\t<\/div>\n\t\t<div style=\"text-align: center;\">\n\t\t\t<p><input class=\"wpcf7-form-control wpcf7-submit has-spinner\" type=\"submit\" value=\"G\u1eedi \u0111i\" \/>\n\t\t\t<\/p>\n\t\t<\/div>\n\t<\/div>\n<\/div><p style=\"display: none !important;\" class=\"akismet-fields-container\" data-prefix=\"_wpcf7_ak_\"><label>&#916;<textarea name=\"_wpcf7_ak_hp_textarea\" cols=\"45\" rows=\"8\" maxlength=\"100\"><\/textarea><\/label><input type=\"hidden\" id=\"ak_js_1\" name=\"_wpcf7_ak_js\" value=\"184\"\/><script>document.getElementById( \"ak_js_1\" ).setAttribute( \"value\", ( new Date() ).getTime() );<\/script><\/p><div class=\"wpcf7-response-output\" aria-hidden=\"true\"><\/div>\n<\/form>\n<\/div>\n\n\n\n\n<p><\/p>\n","protected":false},"excerpt":{"rendered":"<p>entry<\/p>\n","protected":false},"author":8,"featured_media":5097,"parent":0,"menu_order":1,"comment_status":"closed","ping_status":"closed","template":"","meta":{"sns_share_botton_hide":"","vkExUnit_sns_title":"","_vk_print_noindex":"","sitemap_hide":"","vkExUnit_sitemap":"","_veu_custom_css":"","veu_display_promotion_alert":"common","_exclude_from_list_pages":"","vkexunit_cta_each_option":"","vkExUnit_childPageIndex":"","vkExUnit_pageList_ancestor":"","vkExUnit_contact_enable":"","footnotes":"","vk-ltc-link":"","vk-ltc-target":"0"},"class_list":["post-1393","page","type-page","status-publish","has-post-thumbnail","hentry"],"veu_head_title_object":{"title":"","add_site_title":""},"_links":{"self":[{"href":"https:\/\/duhoc.mirainomorigakuen.com\/index.php?rest_route=\/wp\/v2\/pages\/1393","targetHints":{"allow":["GET"]}}],"collection":[{"href":"https:\/\/duhoc.mirainomorigakuen.com\/index.php?rest_route=\/wp\/v2\/pages"}],"about":[{"href":"https:\/\/duhoc.mirainomorigakuen.com\/index.php?rest_route=\/wp\/v2\/types\/page"}],"author":[{"embeddable":true,"href":"https:\/\/duhoc.mirainomorigakuen.com\/index.php?rest_route=\/wp\/v2\/users\/8"}],"replies":[{"embeddable":true,"href":"https:\/\/duhoc.mirainomorigakuen.com\/index.php?rest_route=%2Fwp%2Fv2%2Fcomments&post=1393"}],"version-history":[{"count":9,"href":"https:\/\/duhoc.mirainomorigakuen.com\/index.php?rest_route=\/wp\/v2\/pages\/1393\/revisions"}],"predecessor-version":[{"id":5067,"href":"https:\/\/duhoc.mirainomorigakuen.com\/index.php?rest_route=\/wp\/v2\/pages\/1393\/revisions\/5067"}],"wp:featuredmedia":[{"embeddable":true,"href":"https:\/\/duhoc.mirainomorigakuen.com\/index.php?rest_route=\/wp\/v2\/media\/5097"}],"wp:attachment":[{"href":"https:\/\/duhoc.mirainomorigakuen.com\/index.php?rest_route=%2Fwp%2Fv2%2Fmedia&parent=1393"}],"curies":[{"name":"wp","href":"https:\/\/api.w.org\/{rel}","templated":true}]}}