{"id":19,"date":"2012-01-20T17:15:54","date_gmt":"2012-01-20T08:15:54","guid":{"rendered":"http:\/\/bizvektor.directweb.jp\/?page_id=19"},"modified":"2026-02-03T00:59:12","modified_gmt":"2026-02-02T15:59:12","slug":"contact","status":"publish","type":"page","link":"https:\/\/duhoc.mirainomorigakuen.com\/?page_id=19","title":{"rendered":"H\u1eceI \u0110\u00c1P"},"content":{"rendered":"\n<p>V\u1ec1\nn\u1ed9i dung h\u1ecfi \u0111\u00e1p m\u00e0 b\u1ea1n \u0111\u00e3 g\u1eedi, tr\u01b0\u1eddng ch\u00fang t\u00f4i s\u1ebd qu\u1ea3n l\u00fd theo ph\u01b0\u01a1ng ch\u00e2m b\u1ea3o\nh\u1ed9 th\u00f4ng tin c\u00e1 nh\u00e2n nh\u01b0 tr\u01b0\u1eddng \u0111\u00e3 \u0111\u0103ng, nh\u00e0 tr\u01b0\u1eddng s\u1ebd kh\u00f4ng cung c\u1ea5p hay c\u00f4ng\nkhai cho b\u00ean th\u1ee9 ba bi\u1ebft n\u1ebfu kh\u00f4ng c\u00f3 s\u1ef1 \u0111\u1ed3ng \u00fd b\u1ea1n.<\/p>\n\n\n\n<p>V\u1ec1\nchi ti\u1ebft, h\u00e3y xem \u201cPH\u01af\u01a0NG CH\u00c2M B\u1ea2O H\u1ed8 TH\u00d4NG TIN C\u00c1 NH\u00c2N\u201d t\u1ea1i trang WEBSITE n\u00e0y.\n<\/p>\n\n\n\n<p><\/p>\n\n\n\n\n<div class=\"wpcf7 no-js\" id=\"wpcf7-f579-o1\" lang=\"ja\" dir=\"ltr\" data-wpcf7-id=\"579\">\n<div class=\"screen-reader-response\"><p role=\"status\" aria-live=\"polite\" aria-atomic=\"true\"><\/p> <ul><\/ul><\/div>\n<form action=\"\/index.php?rest_route=%2Fwp%2Fv2%2Fpages%2F19#wpcf7-f579-o1\" method=\"post\" class=\"wpcf7-form init\" aria-label=\"\u30b3\u30f3\u30bf\u30af\u30c8\u30d5\u30a9\u30fc\u30e0\" novalidate=\"novalidate\" data-status=\"init\">\n<fieldset class=\"hidden-fields-container\"><input type=\"hidden\" name=\"_wpcf7\" value=\"579\" \/><input type=\"hidden\" name=\"_wpcf7_version\" value=\"6.1.5\" \/><input type=\"hidden\" name=\"_wpcf7_locale\" value=\"ja\" \/><input type=\"hidden\" name=\"_wpcf7_unit_tag\" value=\"wpcf7-f579-o1\" \/><input type=\"hidden\" name=\"_wpcf7_container_post\" value=\"0\" \/><input type=\"hidden\" name=\"_wpcf7_posted_data_hash\" value=\"\" \/><input type=\"hidden\" name=\"_wpcf7_recaptcha_response\" value=\"\" \/>\n<\/fieldset>\n<p>H\u1ecc V\u00c0 T\u00caN<small class=\"text-danger\">(C\u1ea7n thi\u1ebft)<\/small><br \/>\n<span class=\"wpcf7-form-control-wrap\" data-name=\"your-name\"><input size=\"40\" maxlength=\"400\" class=\"wpcf7-form-control wpcf7-text wpcf7-validates-as-required\" aria-required=\"true\" aria-invalid=\"false\" value=\"\" type=\"text\" name=\"your-name\" \/><\/span>\n<\/p>\n<p>EMAIL<small class=\"text-danger\">(C\u1ea7n thi\u1ebft)<\/small><br \/>\n<span class=\"wpcf7-form-control-wrap\" data-name=\"your-email\"><input size=\"40\" maxlength=\"400\" class=\"wpcf7-form-control wpcf7-email wpcf7-validates-as-required wpcf7-text wpcf7-validates-as-email\" aria-required=\"true\" aria-invalid=\"false\" value=\"\" type=\"email\" name=\"your-email\" \/><\/span>\n<\/p>\n<p>S\u1ed0 \u0110I\u1ec6N THO\u1ea0I <small class=\"text-danger\">(C\u1ea7n thi\u1ebft)<\/small><br \/>\n<span class=\"wpcf7-form-control-wrap\" data-name=\"tel\"><input size=\"40\" maxlength=\"400\" class=\"wpcf7-form-control wpcf7-text wpcf7-validates-as-required\" aria-required=\"true\" aria-invalid=\"false\" value=\"\" type=\"text\" name=\"tel\" \/><\/span>\n<\/p>\n<p>N\u1ed8I DUNG H\u1eceI \u0110\u00c1P <small class=\"text-danger\">(C\u1ea7n thi\u1ebft)<\/small><br \/>\n<span class=\"wpcf7-form-control-wrap\" data-name=\"your-message\"><textarea cols=\"40\" rows=\"10\" maxlength=\"2000\" class=\"wpcf7-form-control wpcf7-textarea wpcf7-validates-as-required\" aria-required=\"true\" aria-invalid=\"false\" name=\"your-message\"><\/textarea><\/span>\n<\/p>\n<p>Trang n\u00e0y s\u1ebd kh\u00f4ng hi\u1ec3n th\u1ecb m\u00e0n h\u00ecnh x\u00e1c nh\u1eadn n\u1ed9i dung. B\u1ea1n c\u00f3 \u0111\u1ed3ng \u00fd g\u1eedi n\u1ed9i dung tr\u00ean \u0111i kh\u00f4ng?<small class=\"text-danger\">(C\u1ea7n thi\u1ebft)<\/small><br \/>\n<span class=\"wpcf7-form-control-wrap\" data-name=\"kakunin\"><span class=\"wpcf7-form-control wpcf7-checkbox wpcf7-validates-as-required\"><span class=\"wpcf7-list-item first last\"><input type=\"checkbox\" name=\"kakunin[]\" value=\"C\u00d3\" \/><span class=\"wpcf7-list-item-label\">C\u00d3<\/span><\/span><\/span><\/span>\n<\/p>\n<p class=\"center\"><input class=\"wpcf7-form-control wpcf7-submit has-spinner btn btn-primary btn-lg btn-block\" type=\"submit\" value=\"G\u1eecI TIN\" \/>\n<\/p><p style=\"display: none !important;\" class=\"akismet-fields-container\" data-prefix=\"_wpcf7_ak_\"><label>&#916;<textarea name=\"_wpcf7_ak_hp_textarea\" cols=\"45\" rows=\"8\" maxlength=\"100\"><\/textarea><\/label><input type=\"hidden\" id=\"ak_js_1\" name=\"_wpcf7_ak_js\" value=\"238\"\/><script>document.getElementById( \"ak_js_1\" ).setAttribute( \"value\", ( new Date() ).getTime() );<\/script><\/p><div class=\"wpcf7-response-output\" aria-hidden=\"true\"><\/div>\n<\/form>\n<\/div>\n\n","protected":false},"excerpt":{"rendered":"<p>V\u1ec1 n\u1ed9i dung h\u1ecfi \u0111\u00e1p m\u00e0 b\u1ea1n \u0111\u00e3 g\u1eedi, tr\u01b0\u1eddng ch\u00fang t\u00f4i s\u1ebd qu\u1ea3n l\u00fd theo ph\u01b0\u01a1ng ch\u00e2m b\u1ea3o h\u1ed9 th\u00f4ng tin c\u00e1 nh\u00e2n nh\u01b0 tr\u01b0\u1eddng \u0111\u00e3 \u0111\u0103ng, nh\u00e0 tr\u01b0\u1eddng s\u1ebd kh\u00f4ng cung c\u1ea5p hay c\u00f4ng khai cho b\u00ean th\u1ee9 ba bi\u1ebft n\u1ebfu kh\u00f4ng c\u00f3 s\u1ef1 \u0111\u1ed3ng \u00fd b\u1ea1n. V\u1ec1 chi ti\u1ebft, h\u00e3y xem \u201cPH\u01af\u01a0NG CH\u00c2M B\u1ea2O H\u1ed8 TH\u00d4NG TIN C\u00c1 NH\u00c2N\u201d t\u1ea1i trang WEBSITE n\u00e0y.<\/p>\n","protected":false},"author":8,"featured_media":5059,"parent":0,"menu_order":6,"comment_status":"closed","ping_status":"closed","template":"","meta":{"sns_share_botton_hide":"true","vkExUnit_sns_title":"","_vk_print_noindex":"","sitemap_hide":"","vkExUnit_sitemap":"","_veu_custom_css":"","veu_display_promotion_alert":"common","_exclude_from_list_pages":"","vkexunit_cta_each_option":"","vkExUnit_childPageIndex":"","vkExUnit_pageList_ancestor":"","vkExUnit_contact_enable":"","footnotes":"","vk-ltc-link":"","vk-ltc-target":"0"},"class_list":["post-19","page","type-page","status-publish","has-post-thumbnail","hentry"],"veu_head_title_object":{"title":"","add_site_title":""},"_links":{"self":[{"href":"https:\/\/duhoc.mirainomorigakuen.com\/index.php?rest_route=\/wp\/v2\/pages\/19","targetHints":{"allow":["GET"]}}],"collection":[{"href":"https:\/\/duhoc.mirainomorigakuen.com\/index.php?rest_route=\/wp\/v2\/pages"}],"about":[{"href":"https:\/\/duhoc.mirainomorigakuen.com\/index.php?rest_route=\/wp\/v2\/types\/page"}],"author":[{"embeddable":true,"href":"https:\/\/duhoc.mirainomorigakuen.com\/index.php?rest_route=\/wp\/v2\/users\/8"}],"replies":[{"embeddable":true,"href":"https:\/\/duhoc.mirainomorigakuen.com\/index.php?rest_route=%2Fwp%2Fv2%2Fcomments&post=19"}],"version-history":[{"count":5,"href":"https:\/\/duhoc.mirainomorigakuen.com\/index.php?rest_route=\/wp\/v2\/pages\/19\/revisions"}],"predecessor-version":[{"id":1490,"href":"https:\/\/duhoc.mirainomorigakuen.com\/index.php?rest_route=\/wp\/v2\/pages\/19\/revisions\/1490"}],"wp:featuredmedia":[{"embeddable":true,"href":"https:\/\/duhoc.mirainomorigakuen.com\/index.php?rest_route=\/wp\/v2\/media\/5059"}],"wp:attachment":[{"href":"https:\/\/duhoc.mirainomorigakuen.com\/index.php?rest_route=%2Fwp%2Fv2%2Fmedia&parent=19"}],"curies":[{"name":"wp","href":"https:\/\/api.w.org\/{rel}","templated":true}]}}